 number?
False
Is 24547 a composite number?
False
Is 478913 a composite number?
False
Is 34321 a composite number?
True
Is 1358935 a composite number?
True
Is 55907 composite?
True
Is 43151 a prime number?
True
Is 17903 composite?
False
Is 25523 a prime number?
True
Is 1543 a composite number?
False
Is 82183 a prime number?
True
Is 409 a prime number?
True
Is 13811 composite?
True
Is 4369 a composite number?
True
Is 4553 composite?
True
Is 405057 a composite number?
True
Is 150923 composite?
True
Is 30421 composite?
True
Is 347 a composite number?
False
Is 2867 a composite number?
True
Is 87437 prime?
False
Is 2203 composite?
False
Is 3709 composite?
False
Is 171293 a composite number?
False
Is 161863 a composite number?
True
Is 107497 a prime number?
False
Is 145661 prime?
True
Is 102241 a composite number?
False
Is 2333 a composite number?
False
Is 1356133 composite?
False
Is 363119 a prime number?
True
Is 4127 composite?
False
Is 11369 prime?
True
Is 453 prime?
False
Is 19959 a composite number?
True
Is 194537 composite?
True
Is 1009553 a composite number?
True
Is 66337 a prime number?
True
Is 15569 prime?
True
Is 3191 a prime number?
True
Is 7499 composite?
False
Is 2265949 a composite number?
True
Is 236179 a prime number?
False
Is 287107 a composite number?
False
Is 173146 a composite number?
True
Is 4241 a prime number?
True
Is 67927 a composite number?
False
Is 521 a prime number?
True
Is 20279 a prime number?
False
Is 355321 prime?
True
Is 1653853 prime?
True
Is 381253 a composite number?
False
Is 11201 prime?
False
Is 285371 prime?
False
Is 121523 composite?
False
Is 256966 composite?
True
Is 90433 a composite number?
True
Is 10817 a composite number?
True
Is 2930521 prime?
False
Is 16097 prime?
True
Is 1237 a composite number?
False
Is 5077 a prime number?
True
Is 64553 a composite number?
False
Is 3637 composite?
False
Is 5261 prime?
True
Is 13043 prime?
True
Is 247691 composite?
False
Is 7286 a composite number?
True
Is 95143 a composite number?
False
Is 1481 a composite number?
False
Is 36989 prime?
False
Is 93011 a prime number?
False
Is 5153 a composite number?
False
Is 1489737 composite?
True
Is 47935 a composite number?
True
Is 5197 composite?
False
Is 1179779 a prime number?
True
Is 250843 composite?
True
Is 75959 composite?
True
Is 1366249 composite?
True
Is 220251 prime?
False
Is 3299 a composite number?
False
Is 1693 a composite number?
False
Is 25667 a prime number?
True
Is 15641 a prime number?
True
Is 2053 a composite number?
False
Is 46783 a prime number?
False
Is 13997 composite?
False
Is 96983 a prime number?
False
Is 54887 a composite number?
True
Is 6187 prime?
False
Is 43019 prime?
True
Is 142657 a prime number?
True
Is 3491 a composite number?
False
Is 21313 composite?
False
Is 117662 a prime number?
False
Is 29031 a composite number?
True
Is 20363 a prime number?
False
Is 191621 a composite number?
False
Is 91993 a composite number?
True
Is 4723247 composite?
False
Is 237287 a composite number?
False
Is 34511 prime?
True
Is 8611 a prime number?
False
Is 149893 a prime number?
True
Is 1513 composite?
True
Is 10727 composite?
True
Is 10193 prime?
True
Is 9267 a prime number?
False
Is 25733 composite?
False
Is 1004903 a composite number?
False
Is 3821 composite?
False
Is 468449 prime?
False
Is 487295 a prime number?
False
Is 14107 prime?
True
Is 114547 prime?
True
Is 48731 composite?
False
Is 57363 prime?
False
Is 172697 a prime number?
False
Is 4535 composite?
True
Is 17291 a composite number?
False
Is 103949 composite?
True
Is 1029085 a prime number?
False
Is 46459 a prime number?
False
Is 20571 a composite number?
True
Is 117417 composite?
True
Is 11981 a prime number?
True
Is 6883 composite?
False
Is 727633 a composite number?
False
Is 75343 a prime number?
False
Is 509017 composite?
True
Is 427981 composite?
True
Is 4727 prime?
False
Is 62851 a prime number?
True
Is 2901 prime?
False
Is 26281 a composite number?
True
Is 42131 a prime number?
True
Is 6863 composite?
False
Is 93823 a prime number?
False
Is 4621 composite?
False
Is 10007 composite?
False
Is 138557 prime?
False
Is 472741 a composite number?
False
Is 2242481 a composite number?
True
Is 352993 a composite number?
True
Is 4284263 prime?
True
Is 88611 composite?
True
Is 559 a composite number?
True
Is 4861 a prime number?
True
Is 975421 composite?
False
Is 1927 a prime number?
False
Is 907163 prime?
True
Is 26669 composite?
False
Is 919 a prime number?
True
Is 47347 composite?
True
Is 6377005 a composite number?
True
Is 51 prime?
False
Is 604297 a composite number?
True
Is 134267 a composite number?
True
Is 620063 prime?
False
Is 3907 a composite number?
False
Is 64057 a composite number?
True
Is 42638 composite?
True
Is 68165 composite?
True
Is 55129 a composite number?
True
Is 2423 a composite number?
False
Is 1091777 a composite number?
False
Is 95683 composite?
True
Is 559 composite?
True
Is 18191 composite?
False
Is 2513 a composite number?
True
Is 11901 a prime number?
False
Is 13259 a prime number?
True
Is 851 a composite number?
True
Is 2101 a composite number?
True
Is 217489 a prime number?
True
Is 1525085 a prime number?
False
Is 90223 prime?
False
Is 244721 a composite number?
False
Is 1294103 a prime number?
True
Is 2039 a composite number?
False
Is 107495 prime?
False
Is 963743 prime?
False
Is 1277 prime?
True
Is 45809 composite?
True
Is 279779 composite?
False
Is 59971 composite?
False
Is 390778 a composite number?
True
Is 246049 prime?
True
Is 1663847 a prime number?
False
Is 985691 composite?
True
Is 14786 a prime number?
False
Is 527333 a prime number?
True
Is 1301277 a composite number?
True
Is 7747 prime?
False
Is 826477 composite?
False
Is 120539 a prime number?
True
Is 2538851 a prime number?
False
Is 4213 a composite number?
True
Is 19301 a composite number?
False
Is 108347 prime?
True
Is 7297 a prime number?
True
Is 4069 composite?
True
Is 3102223 prime?
True
Is 275245 a prime number?
False
Is 778 a prime number?
False
Is 35023 prime?
True
Is 12343 a composite number?
False
Is 63977 a composite number?
False
Is 17833 prime?
False
Is 342101 a prime number?
True
Is 98989 prime?
False
Is 4561 a prime number?
True
Is 921989 composite?
False
Is 400195 a prime number?
False
Is 177 prime?
False
Is 16811 a composite number?
False
Is 30029 a composite number?
False
Is 48943 prime?
False
Is 18803 composite?
False
Is 251803 composite?
True
Is 75869 prime?
True
Is 448049 a prime number?
False
Is 232469 composite?
True
Is 198547 a composite number?
True
Is 222707 prime?
True
Is 42157 composite?
False
Is 5071 composite?
True
Is 169379 a prime number?
False
Is 129683 composite?
True
Is 187021 composite?
True
Is 8153 a composite number?
True
Is 310223 a composite number?
False
Is 19661 prime?
True
Is 60719 a prime number?
True
Is 6563 a composite number?
False
Is 110911 composite?
True
Is 76333 a prime number?
True
Is 28751 a composite number?
False
Is 422 a composite number?
True
Is 215069 a composite number?
True
Is 12953 a prime number?
True
Is 1157557 a prime number?
True
Is 157721 a composite number?
False
Is 150761 a composite number?
True
Is 1899385 prime?
False
Is 1411237 a prime number?
False
Is 96529 prime?
False
Is 3163 a composite number?
False
Is 24221 a composite number?
True
Is 175387 a composite number?
True
Is 449 prime?
True
Is 8603 a composite number?
True
Is 9326 a prime number?
False
Is 3811 a prime number?
False
Is 564041 a composite number?
False
Is 8147 a prime number?
True
Is 3007 prime?
False
Is 10231 prime?
False
Is 261149 prime?
False
Is 54373 composite?
True
Is 26171 a prime number?
True
Is 113567 a composite number?
False
Is 549205 prime?
False
Is 37691 composite?
False
Is 277157 a prime number?
True
Is 23269 a prime number?
True
Is 1781789 prime?
False
Is 3407 prime?
True
Is 41435 a composite number?
True
Is 62173 prime?
False
Is 92033 prime?
True
Is 666467 a composite number?
False
Is 305917 a composite number?
False
Is 18013 prime?
True
Is 2829301 prime?
True
Is 12251 a composite number?
False
Is 14581 a prime number?
False
Is 7726 composite?
True
Is 23683 a prime number?
False
Is 4309897 a prime number?
True
Is 58503 a prime number?
False
Is 25909 composite?
True
Is 197369 a prime number?
True
Is 631985 c